{"id":1156,"date":"2022-12-07T21:22:09","date_gmt":"2022-12-07T20:22:09","guid":{"rendered":"https:\/\/enfantsdudesert.org\/boutique\/?post_type=product&#038;p=1156"},"modified":"2025-11-02T09:43:41","modified_gmt":"2025-11-02T08:43:41","slug":"bracelet-edd-by-zeste-dorient","status":"publish","type":"product","link":"https:\/\/enfantsdudesert.org\/boutique\/produit\/bracelet-edd-by-zeste-dorient\/","title":{"rendered":"Bracelet EDD x Zeste d&#8217;Orient"},"content":{"rendered":"","protected":false},"excerpt":{"rendered":"<p>Dans son\u00a0<a href=\"https:\/\/www.instagram.com\/zestedorientconcept\/\"><strong>concept store<\/strong><\/a>,\u00a0<em>Agn\u00e8s<\/em>\u00a0d\u00e9niche des produits et des cr\u00e9ations d\u2019horizons et de styles diff\u00e9rents qu\u2019elle fait cohabiter avec beaucoup de\u00a0<strong>finesse et de go\u00fbt<\/strong>. \ud83d\ude43<br \/>\nCe bracelet a \u00e9t\u00e9 con\u00e7u par Agn\u00e8s.\u00a0Symbolique, sa cr\u00e9ation reprend <em>une partie de notre logo associ\u00e9e \u00e0 une des\u00a07 couleurs propos\u00e9es ci-dessous.<\/em><\/p>\n<p><strong>\u25b6 <\/strong>Bracelet r\u00e9glable. Prix de vente \u00e0 l\u2019unit\u00e9 \u2013 choisissez une couleur ci-dessous pour v\u00e9rifier la disponibilit\u00e9 du produit.<br \/>\n<strong>\ud83d\udc8c <\/strong>Ces prix comprennent les frais de port (<em>France m\u00e9tropolitaine<\/em>).<br \/>\n\ud83e\udde1 100 % des ventes en soutien de nos actions.<\/p>\n","protected":false},"featured_media":1554,"template":"","meta":{"ocean_post_layout":"","ocean_both_sidebars_style":"","ocean_both_sidebars_content_width":0,"ocean_both_sidebars_sidebars_width":0,"ocean_sidebar":"0","ocean_second_sidebar":"0","ocean_disable_margins":"enable","ocean_add_body_class":"","ocean_shortcode_before_top_bar":"","ocean_shortcode_after_top_bar":"","ocean_shortcode_before_header":"","ocean_shortcode_after_header":"","ocean_has_shortcode":"","ocean_shortcode_after_title":"","ocean_shortcode_before_footer_widgets":"","ocean_shortcode_after_footer_widgets":"","ocean_shortcode_before_footer_bottom":"","ocean_shortcode_after_footer_bottom":"","ocean_display_top_bar":"default","ocean_display_header":"default","ocean_header_style":"","ocean_center_header_left_menu":"0","ocean_custom_header_template":"0","ocean_custom_logo":0,"ocean_custom_retina_logo":0,"ocean_custom_logo_max_width":0,"ocean_custom_logo_tablet_max_width":0,"ocean_custom_logo_mobile_max_width":0,"ocean_custom_logo_max_height":0,"ocean_custom_logo_tablet_max_height":0,"ocean_custom_logo_mobile_max_height":0,"ocean_header_custom_menu":"0","ocean_menu_typo_font_family":"0","ocean_menu_typo_font_subset":"","ocean_menu_typo_font_size":0,"ocean_menu_typo_font_size_tablet":0,"ocean_menu_typo_font_size_mobile":0,"ocean_menu_typo_font_size_unit":"px","ocean_menu_typo_font_weight":"","ocean_menu_typo_font_weight_tablet":"","ocean_menu_typo_font_weight_mobile":"","ocean_menu_typo_transform":"","ocean_menu_typo_transform_tablet":"","ocean_menu_typo_transform_mobile":"","ocean_menu_typo_line_height":0,"ocean_menu_typo_line_height_tablet":0,"ocean_menu_typo_line_height_mobile":0,"ocean_menu_typo_line_height_unit":"","ocean_menu_typo_spacing":0,"ocean_menu_typo_spacing_tablet":0,"ocean_menu_typo_spacing_mobile":0,"ocean_menu_typo_spacing_unit":"","ocean_menu_link_color":"","ocean_menu_link_color_hover":"","ocean_menu_link_color_active":"","ocean_menu_link_background":"","ocean_menu_link_hover_background":"","ocean_menu_link_active_background":"","ocean_menu_social_links_bg":"","ocean_menu_social_hover_links_bg":"","ocean_menu_social_links_color":"","ocean_menu_social_hover_links_color":"","ocean_disable_title":"on","ocean_disable_heading":"default","ocean_post_title":"","ocean_post_subheading":"","ocean_post_title_style":"","ocean_post_title_background_color":"","ocean_post_title_background":0,"ocean_post_title_bg_image_position":"","ocean_post_title_bg_image_attachment":"","ocean_post_title_bg_image_repeat":"","ocean_post_title_bg_image_size":"","ocean_post_title_height":0,"ocean_post_title_bg_overlay":0.5,"ocean_post_title_bg_overlay_color":"","ocean_disable_breadcrumbs":"default","ocean_breadcrumbs_color":"","ocean_breadcrumbs_separator_color":"","ocean_breadcrumbs_links_color":"","ocean_breadcrumbs_links_hover_color":"","ocean_display_footer_widgets":"default","ocean_display_footer_bottom":"default","ocean_custom_footer_template":"0"},"product_brand":[],"product_cat":[144,94,61,100],"product_tag":[],"class_list":{"0":"post-1156","1":"product","2":"type-product","3":"status-publish","4":"has-post-thumbnail","6":"product_cat-bracelets","7":"product_cat-bijoux","8":"product_cat-nos-partenaires-marocaines","9":"product_cat-type-de-produit","11":"entry","12":"has-media","14":"first","15":"instock","16":"shipping-taxable","17":"purchasable","18":"product-type-variable","19":"has-product-nav","20":"col","21":"span_1_of_3","22":"owp-content-center","23":"owp-thumbs-layout-horizontal","24":"owp-btn-normal","25":"owp-tabs-layout-horizontal","27":"circle-sale"},"jetpack-related-posts":[{"id":1427,"url":"https:\/\/enfantsdudesert.org\/boutique\/produit\/pochettes-brodees\/","url_meta":{"origin":1156,"position":0},"title":"Pochettes brod\u00e9es &#8211; Amal","author":"Monica","date":"06\/06\/2023","format":false,"excerpt":"Pochette sublim\u00e9e par Amal, une maman d'enfants parrain\u00e9s de la ville de Rissani. Convient tout \u00e0 fait comme pochette mais \u00e9galement en sac \u00e0 main pour sortir et scintiller avec ces jolies perles brillantes. \u2728 Cr\u00e9ation artisanale et unique. \u25b6 Pochette en toile de jute r\u00e9alis\u00e9e au Maroc : 30\u2026","rel":"","context":"Article similaire","block_context":{"text":"Article similaire","link":""},"img":{"alt_text":"","src":"https:\/\/i0.wp.com\/enfantsdudesert.org\/boutique\/wp-content\/uploads\/2023\/06\/Images-pochettes-2-1.webp?fit=800%2C600&ssl=1&resize=350%2C200","width":350,"height":200,"srcset":"https:\/\/i0.wp.com\/enfantsdudesert.org\/boutique\/wp-content\/uploads\/2023\/06\/Images-pochettes-2-1.webp?fit=800%2C600&ssl=1&resize=350%2C200 1x, https:\/\/i0.wp.com\/enfantsdudesert.org\/boutique\/wp-content\/uploads\/2023\/06\/Images-pochettes-2-1.webp?fit=800%2C600&ssl=1&resize=525%2C300 1.5x, https:\/\/i0.wp.com\/enfantsdudesert.org\/boutique\/wp-content\/uploads\/2023\/06\/Images-pochettes-2-1.webp?fit=800%2C600&ssl=1&resize=700%2C400 2x"},"classes":[]},{"id":2207,"url":"https:\/\/enfantsdudesert.org\/boutique\/produit\/bracelet-hanane\/","url_meta":{"origin":1156,"position":1},"title":"Bracelet Hanane","author":"Monica","date":"13\/05\/2025","format":false,"excerpt":"Ces bracelets fins et \u00e9l\u00e9gants sont r\u00e9alis\u00e9s \u00e0 la main par Hanane, maman de 5 enfants, qui y met toute son \u00e9nergie et sa d\u00e9termination pour construire un avenir plus serein \u2728 Ils sont faits de pierres naturelles aux vertus \u00e9nergisantes et apaisantes au choix : \u00b7 perles galets en\u2026","rel":"","context":"Article similaire","block_context":{"text":"Article similaire","link":""},"img":{"alt_text":"","src":"https:\/\/i0.wp.com\/enfantsdudesert.org\/boutique\/wp-content\/uploads\/2025\/05\/IMG_8733.jpeg?fit=900%2C1200&ssl=1&resize=350%2C200","width":350,"height":200,"srcset":"https:\/\/i0.wp.com\/enfantsdudesert.org\/boutique\/wp-content\/uploads\/2025\/05\/IMG_8733.jpeg?fit=900%2C1200&ssl=1&resize=350%2C200 1x, https:\/\/i0.wp.com\/enfantsdudesert.org\/boutique\/wp-content\/uploads\/2025\/05\/IMG_8733.jpeg?fit=900%2C1200&ssl=1&resize=525%2C300 1.5x, https:\/\/i0.wp.com\/enfantsdudesert.org\/boutique\/wp-content\/uploads\/2025\/05\/IMG_8733.jpeg?fit=900%2C1200&ssl=1&resize=700%2C400 2x"},"classes":[]},{"id":2246,"url":"https:\/\/enfantsdudesert.org\/boutique\/produit\/7-colliers-collection-anzar-%e2%98%80%ef%b8%8f-par-nora\/","url_meta":{"origin":1156,"position":2},"title":"7 colliers, collection Anzar \u2600\ufe0f par Nora","author":"Monica","date":"15\/07\/2025","format":false,"excerpt":"Anzar est une repr\u00e9sentation de la pluie chez les amazigh. Une collection comme une promesse de vie : color\u00e9e, pleine de mouvement et de relief. Chaque collier a \u00e9t\u00e9 mont\u00e9 \u00e0 la main par Nora, \u00e0 partir de perles anciennes et neuves, chin\u00e9es dans les souks du d\u00e9sert. Des pi\u00e8ces\u2026","rel":"","context":"Article similaire","block_context":{"text":"Article similaire","link":""},"img":{"alt_text":"","src":"https:\/\/i0.wp.com\/enfantsdudesert.org\/boutique\/wp-content\/uploads\/2025\/07\/collier-nora-5.jpg?fit=900%2C1200&ssl=1&resize=350%2C200","width":350,"height":200,"srcset":"https:\/\/i0.wp.com\/enfantsdudesert.org\/boutique\/wp-content\/uploads\/2025\/07\/collier-nora-5.jpg?fit=900%2C1200&ssl=1&resize=350%2C200 1x, https:\/\/i0.wp.com\/enfantsdudesert.org\/boutique\/wp-content\/uploads\/2025\/07\/collier-nora-5.jpg?fit=900%2C1200&ssl=1&resize=525%2C300 1.5x, https:\/\/i0.wp.com\/enfantsdudesert.org\/boutique\/wp-content\/uploads\/2025\/07\/collier-nora-5.jpg?fit=900%2C1200&ssl=1&resize=700%2C400 2x"},"classes":[]},{"id":1513,"url":"https:\/\/enfantsdudesert.org\/boutique\/produit\/bracelets-naima\/","url_meta":{"origin":1156,"position":3},"title":"Bracelets Na\u00efma","author":"Monica","date":"07\/07\/2023","format":false,"excerpt":"Ces bracelets repr\u00e9sentent beaucoup pour Na\u00efma : le r\u00eave d\u2019une vie stable, faite d\u2019autonomie et de s\u00e9r\u00e9nit\u00e9. \u270a Parfaits pour faire plaisir ou se faire plaisir, tout en soutenant Na\u00efma et ses filles. \u25b6 Vendus par lot de 3, dans une pochette en organza, \ud83c\udf00 Vous avez le choix :\u2026","rel":"","context":"Article similaire","block_context":{"text":"Article similaire","link":""},"img":{"alt_text":"","src":"https:\/\/i0.wp.com\/enfantsdudesert.org\/boutique\/wp-content\/uploads\/2023\/07\/WhatsApp-Image-2024-11-29-a-14.05.20_9327cdb1-scaled-e1732885921195.jpg?fit=1188%2C1200&ssl=1&resize=350%2C200","width":350,"height":200,"srcset":"https:\/\/i0.wp.com\/enfantsdudesert.org\/boutique\/wp-content\/uploads\/2023\/07\/WhatsApp-Image-2024-11-29-a-14.05.20_9327cdb1-scaled-e1732885921195.jpg?fit=1188%2C1200&ssl=1&resize=350%2C200 1x, https:\/\/i0.wp.com\/enfantsdudesert.org\/boutique\/wp-content\/uploads\/2023\/07\/WhatsApp-Image-2024-11-29-a-14.05.20_9327cdb1-scaled-e1732885921195.jpg?fit=1188%2C1200&ssl=1&resize=525%2C300 1.5x, https:\/\/i0.wp.com\/enfantsdudesert.org\/boutique\/wp-content\/uploads\/2023\/07\/WhatsApp-Image-2024-11-29-a-14.05.20_9327cdb1-scaled-e1732885921195.jpg?fit=1188%2C1200&ssl=1&resize=700%2C400 2x, https:\/\/i0.wp.com\/enfantsdudesert.org\/boutique\/wp-content\/uploads\/2023\/07\/WhatsApp-Image-2024-11-29-a-14.05.20_9327cdb1-scaled-e1732885921195.jpg?fit=1188%2C1200&ssl=1&resize=1050%2C600 3x"},"classes":[]},{"id":1148,"url":"https:\/\/enfantsdudesert.org\/boutique\/produit\/bague-enfant-du-desert-rhita-creations\/","url_meta":{"origin":1156,"position":4},"title":"Bague Enfant du d\u00e9sert &#8211; Rhita cr\u00e9ations","author":"Monica","date":"07\/12\/2022","format":false,"excerpt":"N\u00e9e au\u00a0Maroc\u00a0et dipl\u00f4m\u00e9e d\u2019architecture\u00a0\u00e0 Paris,\u00a0Rhita\u00a0s\u2019inspire de sa formation et de son pays natal dans toutes\u00a0ses cr\u00e9ations. Elle int\u00e8gre des \u00e9l\u00e9ments allant des\u00a0lignes architecturales \u00e9pur\u00e9es\u00a0aux\u00a0formes g\u00e9om\u00e9triques touaregs, et les m\u00e9lange harmonieusement avec des\u00a0pierres pr\u00e9cieuses\u00a0dans des conceptions\u00a0minimalistes et contemporaines. \ud83d\udc9f Cette bague a \u00e9t\u00e9 con\u00e7ue dans ses ateliers \u00e0 Rabat au Maroc,\u2026","rel":"","context":"Article similaire","block_context":{"text":"Article similaire","link":""},"img":{"alt_text":"","src":"https:\/\/i0.wp.com\/enfantsdudesert.org\/boutique\/wp-content\/uploads\/2022\/12\/946465_80fca4bb23f14b36ba59bb16957ca24e_mv2.webp?fit=1000%2C666&ssl=1&resize=350%2C200","width":350,"height":200,"srcset":"https:\/\/i0.wp.com\/enfantsdudesert.org\/boutique\/wp-content\/uploads\/2022\/12\/946465_80fca4bb23f14b36ba59bb16957ca24e_mv2.webp?fit=1000%2C666&ssl=1&resize=350%2C200 1x, https:\/\/i0.wp.com\/enfantsdudesert.org\/boutique\/wp-content\/uploads\/2022\/12\/946465_80fca4bb23f14b36ba59bb16957ca24e_mv2.webp?fit=1000%2C666&ssl=1&resize=525%2C300 1.5x, https:\/\/i0.wp.com\/enfantsdudesert.org\/boutique\/wp-content\/uploads\/2022\/12\/946465_80fca4bb23f14b36ba59bb16957ca24e_mv2.webp?fit=1000%2C666&ssl=1&resize=700%2C400 2x"},"classes":[]},{"id":1154,"url":"https:\/\/enfantsdudesert.org\/boutique\/produit\/baume-a-levres-by-ready-skin-natural\/","url_meta":{"origin":1156,"position":5},"title":"Baume \u00e0 l\u00e8vres par Ready Skin Naturals","author":"Monica","date":"07\/12\/2022","format":false,"excerpt":"Passionn\u00e9e par\u00a0la cosm\u00e9tologie naturelle, apr\u00e8s plusieurs ann\u00e9es de formation et de cr\u00e9ation, Myriam a lanc\u00e9 sa ligne de produits cosm\u00e9tiques, \u00e9tique et \u00e9cologique @readynaturalskincare. \ud83c\udf38 Cette entrepreneuse marocaine a con\u00e7u ce baume \u00e0 l\u00e8vre \u00e0 l'huile d'argan bio pour soutenir nos actions pour les enfants et les femmes du d\u00e9sert.\u2026","rel":"","context":"Article similaire","block_context":{"text":"Article similaire","link":""},"img":{"alt_text":"","src":"https:\/\/i0.wp.com\/enfantsdudesert.org\/boutique\/wp-content\/uploads\/2022\/12\/WhatsApp-Image-2023-11-13-at-10.39.21-scaled-e1700496370498.jpeg?fit=1200%2C1173&ssl=1&resize=350%2C200","width":350,"height":200,"srcset":"https:\/\/i0.wp.com\/enfantsdudesert.org\/boutique\/wp-content\/uploads\/2022\/12\/WhatsApp-Image-2023-11-13-at-10.39.21-scaled-e1700496370498.jpeg?fit=1200%2C1173&ssl=1&resize=350%2C200 1x, https:\/\/i0.wp.com\/enfantsdudesert.org\/boutique\/wp-content\/uploads\/2022\/12\/WhatsApp-Image-2023-11-13-at-10.39.21-scaled-e1700496370498.jpeg?fit=1200%2C1173&ssl=1&resize=525%2C300 1.5x, https:\/\/i0.wp.com\/enfantsdudesert.org\/boutique\/wp-content\/uploads\/2022\/12\/WhatsApp-Image-2023-11-13-at-10.39.21-scaled-e1700496370498.jpeg?fit=1200%2C1173&ssl=1&resize=700%2C400 2x, https:\/\/i0.wp.com\/enfantsdudesert.org\/boutique\/wp-content\/uploads\/2022\/12\/WhatsApp-Image-2023-11-13-at-10.39.21-scaled-e1700496370498.jpeg?fit=1200%2C1173&ssl=1&resize=1050%2C600 3x"},"classes":[]}],"jetpack_sharing_enabled":true,"_links":{"self":[{"href":"https:\/\/enfantsdudesert.org\/boutique\/wp-json\/wp\/v2\/product\/1156","targetHints":{"allow":["GET"]}}],"collection":[{"href":"https:\/\/enfantsdudesert.org\/boutique\/wp-json\/wp\/v2\/product"}],"about":[{"href":"https:\/\/enfantsdudesert.org\/boutique\/wp-json\/wp\/v2\/types\/product"}],"wp:featuredmedia":[{"embeddable":true,"href":"https:\/\/enfantsdudesert.org\/boutique\/wp-json\/wp\/v2\/media\/1554"}],"wp:attachment":[{"href":"https:\/\/enfantsdudesert.org\/boutique\/wp-json\/wp\/v2\/media?parent=1156"}],"wp:term":[{"taxonomy":"product_brand","embeddable":true,"href":"https:\/\/enfantsdudesert.org\/boutique\/wp-json\/wp\/v2\/product_brand?post=1156"},{"taxonomy":"product_cat","embeddable":true,"href":"https:\/\/enfantsdudesert.org\/boutique\/wp-json\/wp\/v2\/product_cat?post=1156"},{"taxonomy":"product_tag","embeddable":true,"href":"https:\/\/enfantsdudesert.org\/boutique\/wp-json\/wp\/v2\/product_tag?post=1156"}],"curies":[{"name":"wp","href":"https:\/\/api.w.org\/{rel}","templated":true}]}}