{"id":1719,"date":"2024-04-05T18:58:02","date_gmt":"2024-04-05T16:58:02","guid":{"rendered":"https:\/\/enfantsdudesert.org\/boutique\/?post_type=product&#038;p=1719"},"modified":"2025-11-02T09:43:41","modified_gmt":"2025-11-02T08:43:41","slug":"pochette-brodee-rachida","status":"publish","type":"product","link":"https:\/\/enfantsdudesert.org\/boutique\/produit\/pochette-brodee-rachida\/","title":{"rendered":"Pochette brod\u00e9e Rachida"},"content":{"rendered":"","protected":false},"excerpt":{"rendered":"<p>Ces pochettes ont \u00e9t\u00e9 brod\u00e9es par Rachida, maman d\u2019un enfant parrain\u00e9.<br \/>\nChaque pi\u00e8ce est unique et r\u00e9alis\u00e9e avec beaucoup de passion et de patience par Rachida. \u2728\ud83e\udd17<\/p>\n<p>\u25b6\ufe0f 3 tailles disponibles<br \/>\nDimension et prix :<br \/>\nS: Dimensions: 13cm x12,5cm x 6cm \u2013 12 \u20ac<br \/>\nM: Dimensions: 19 x 18 x 9cm \u2013 23 \u20ac<br \/>\nL: Dimensions: 23cm x 23cm x 11cm \u2013 28 \u20ac<br \/>\n\ud83d\udc8c Ces prix comprennent les frais de port (France m\u00e9tropolitaine).<br \/>\n\ud83e\udde1 100 % des ventes remises \u00e0 Rachida.<\/p>\n","protected":false},"featured_media":1718,"template":"","meta":{"ocean_post_layout":"","ocean_both_sidebars_style":"","ocean_both_sidebars_content_width":0,"ocean_both_sidebars_sidebars_width":0,"ocean_sidebar":"0","ocean_second_sidebar":"0","ocean_disable_margins":"enable","ocean_add_body_class":"","ocean_shortcode_before_top_bar":"","ocean_shortcode_after_top_bar":"","ocean_shortcode_before_header":"","ocean_shortcode_after_header":"","ocean_has_shortcode":"","ocean_shortcode_after_title":"","ocean_shortcode_before_footer_widgets":"","ocean_shortcode_after_footer_widgets":"","ocean_shortcode_before_footer_bottom":"","ocean_shortcode_after_footer_bottom":"","ocean_display_top_bar":"default","ocean_display_header":"default","ocean_header_style":"","ocean_center_header_left_menu":"0","ocean_custom_header_template":"0","ocean_custom_logo":0,"ocean_custom_retina_logo":0,"ocean_custom_logo_max_width":0,"ocean_custom_logo_tablet_max_width":0,"ocean_custom_logo_mobile_max_width":0,"ocean_custom_logo_max_height":0,"ocean_custom_logo_tablet_max_height":0,"ocean_custom_logo_mobile_max_height":0,"ocean_header_custom_menu":"0","ocean_menu_typo_font_family":"0","ocean_menu_typo_font_subset":"","ocean_menu_typo_font_size":0,"ocean_menu_typo_font_size_tablet":0,"ocean_menu_typo_font_size_mobile":0,"ocean_menu_typo_font_size_unit":"px","ocean_menu_typo_font_weight":"","ocean_menu_typo_font_weight_tablet":"","ocean_menu_typo_font_weight_mobile":"","ocean_menu_typo_transform":"","ocean_menu_typo_transform_tablet":"","ocean_menu_typo_transform_mobile":"","ocean_menu_typo_line_height":0,"ocean_menu_typo_line_height_tablet":0,"ocean_menu_typo_line_height_mobile":0,"ocean_menu_typo_line_height_unit":"","ocean_menu_typo_spacing":0,"ocean_menu_typo_spacing_tablet":0,"ocean_menu_typo_spacing_mobile":0,"ocean_menu_typo_spacing_unit":"","ocean_menu_link_color":"","ocean_menu_link_color_hover":"","ocean_menu_link_color_active":"","ocean_menu_link_background":"","ocean_menu_link_hover_background":"","ocean_menu_link_active_background":"","ocean_menu_social_links_bg":"","ocean_menu_social_hover_links_bg":"","ocean_menu_social_links_color":"","ocean_menu_social_hover_links_color":"","ocean_disable_title":"default","ocean_disable_heading":"default","ocean_post_title":"","ocean_post_subheading":"","ocean_post_title_style":"","ocean_post_title_background_color":"","ocean_post_title_background":0,"ocean_post_title_bg_image_position":"","ocean_post_title_bg_image_attachment":"","ocean_post_title_bg_image_repeat":"","ocean_post_title_bg_image_size":"","ocean_post_title_height":0,"ocean_post_title_bg_overlay":0.5,"ocean_post_title_bg_overlay_color":"","ocean_disable_breadcrumbs":"default","ocean_breadcrumbs_color":"","ocean_breadcrumbs_separator_color":"","ocean_breadcrumbs_links_color":"","ocean_breadcrumbs_links_hover_color":"","ocean_display_footer_widgets":"default","ocean_display_footer_bottom":"default","ocean_custom_footer_template":"0"},"product_brand":[],"product_cat":[64,90,95],"product_tag":[],"class_list":{"0":"post-1719","1":"product","2":"type-product","3":"status-publish","4":"has-post-thumbnail","6":"product_cat-femmes-du-desert","7":"product_cat-rachida","8":"product_cat-pochettes","10":"entry","11":"has-media","13":"first","14":"outofstock","15":"shipping-taxable","16":"purchasable","17":"product-type-variable","18":"has-product-nav","19":"col","20":"span_1_of_3","21":"owp-content-center","22":"owp-thumbs-layout-horizontal","23":"owp-btn-normal","24":"owp-tabs-layout-horizontal","25":"has-no-thumbnails","27":"circle-sale"},"jetpack-related-posts":[{"id":1466,"url":"https:\/\/enfantsdudesert.org\/boutique\/produit\/pochettes-brodees-par-rachida\/","url_meta":{"origin":1719,"position":0},"title":"Pochettes brod\u00e9es par Rachida","author":"Monica","date":"06\/06\/2023","format":false,"excerpt":"Ces pochettes ont \u00e9t\u00e9 brod\u00e9es par Rachida, maman d'un enfant parrain\u00e9. Chaque pi\u00e8ce est unique et r\u00e9alis\u00e9e avec beaucoup de passion et de patience par Rachida. \u2728\ud83e\udd17 \u25b6 Choisissez une couleur pour d\u00e9couvrir les tailles disponibles.\u00a0 Dimension et prix : S: Dimensions: 13cm x12,5cm x 6cm - 12 \u20ac M:\u2026","rel":"","context":"Article similaire","block_context":{"text":"Article similaire","link":""},"img":{"alt_text":"","src":"https:\/\/i0.wp.com\/enfantsdudesert.org\/boutique\/wp-content\/uploads\/2023\/06\/WhatsApp-Image-2023-05-31-at-17.22.55.webp?fit=600%2C600&ssl=1&resize=350%2C200","width":350,"height":200,"srcset":"https:\/\/i0.wp.com\/enfantsdudesert.org\/boutique\/wp-content\/uploads\/2023\/06\/WhatsApp-Image-2023-05-31-at-17.22.55.webp?fit=600%2C600&ssl=1&resize=350%2C200 1x, https:\/\/i0.wp.com\/enfantsdudesert.org\/boutique\/wp-content\/uploads\/2023\/06\/WhatsApp-Image-2023-05-31-at-17.22.55.webp?fit=600%2C600&ssl=1&resize=525%2C300 1.5x"},"classes":[]},{"id":2038,"url":"https:\/\/enfantsdudesert.org\/boutique\/produit\/pochette-rosam-par-rachida\/","url_meta":{"origin":1719,"position":1},"title":"Pochette &#8220;Rosam&#8221; par Rachida","author":"Monica","date":"29\/11\/2024","format":false,"excerpt":"Cette grande pochette rose est mise en valeur par le travail minutieux et passionn\u00e9 de Rachida qui a brod\u00e9 des motifs color\u00e9s orientaux avec patience. Pleine de couleurs et d'\u00e9nergie cette pochette deviendra rapidement votre trousse de toilette pr\u00e9f\u00e9r\u00e9e. \u27a1\ufe0f Les infos : - Dimensions : 23cm x 23cm x\u2026","rel":"","context":"Article similaire","block_context":{"text":"Article similaire","link":""},"img":{"alt_text":"","src":"https:\/\/i0.wp.com\/enfantsdudesert.org\/boutique\/wp-content\/uploads\/2024\/11\/WhatsApp-Image-2024-11-29-a-11.26.47_6d468e01-1-scaled-e1732882578803.jpg?fit=1179%2C1200&ssl=1&resize=350%2C200","width":350,"height":200,"srcset":"https:\/\/i0.wp.com\/enfantsdudesert.org\/boutique\/wp-content\/uploads\/2024\/11\/WhatsApp-Image-2024-11-29-a-11.26.47_6d468e01-1-scaled-e1732882578803.jpg?fit=1179%2C1200&ssl=1&resize=350%2C200 1x, https:\/\/i0.wp.com\/enfantsdudesert.org\/boutique\/wp-content\/uploads\/2024\/11\/WhatsApp-Image-2024-11-29-a-11.26.47_6d468e01-1-scaled-e1732882578803.jpg?fit=1179%2C1200&ssl=1&resize=525%2C300 1.5x, https:\/\/i0.wp.com\/enfantsdudesert.org\/boutique\/wp-content\/uploads\/2024\/11\/WhatsApp-Image-2024-11-29-a-11.26.47_6d468e01-1-scaled-e1732882578803.jpg?fit=1179%2C1200&ssl=1&resize=700%2C400 2x, https:\/\/i0.wp.com\/enfantsdudesert.org\/boutique\/wp-content\/uploads\/2024\/11\/WhatsApp-Image-2024-11-29-a-11.26.47_6d468e01-1-scaled-e1732882578803.jpg?fit=1179%2C1200&ssl=1&resize=1050%2C600 3x"},"classes":[]},{"id":1316,"url":"https:\/\/enfantsdudesert.org\/boutique\/produit\/coussin-brode-par-rachida\/","url_meta":{"origin":1719,"position":2},"title":"Housse de coussin brod\u00e9e &#8211; Rachida","author":"Monica","date":"19\/05\/2023","format":false,"excerpt":"Ces housses de coussin sont cousues au Maroc puis brod\u00e9es par Rachida, avec beaucoup de passion et de patience. \u2728\ud83e\udd17 Cette maman d'un enfant parrain\u00e9e r\u00e9alise \u00e9galement des pochettes, \u00e0 retrouver ici. \u25b6 Dimension : 40 cm x 40 cm. Le produit est vendu sans le coussin. \ud83d\udc8c\u00a0 Ces prix\u2026","rel":"","context":"Article similaire","block_context":{"text":"Article similaire","link":""},"img":{"alt_text":"","src":"https:\/\/i0.wp.com\/enfantsdudesert.org\/boutique\/wp-content\/uploads\/2023\/05\/Broderie-Rachida-coussin-croix.webp?fit=1080%2C1080&ssl=1&resize=350%2C200","width":350,"height":200,"srcset":"https:\/\/i0.wp.com\/enfantsdudesert.org\/boutique\/wp-content\/uploads\/2023\/05\/Broderie-Rachida-coussin-croix.webp?fit=1080%2C1080&ssl=1&resize=350%2C200 1x, https:\/\/i0.wp.com\/enfantsdudesert.org\/boutique\/wp-content\/uploads\/2023\/05\/Broderie-Rachida-coussin-croix.webp?fit=1080%2C1080&ssl=1&resize=525%2C300 1.5x, https:\/\/i0.wp.com\/enfantsdudesert.org\/boutique\/wp-content\/uploads\/2023\/05\/Broderie-Rachida-coussin-croix.webp?fit=1080%2C1080&ssl=1&resize=700%2C400 2x, https:\/\/i0.wp.com\/enfantsdudesert.org\/boutique\/wp-content\/uploads\/2023\/05\/Broderie-Rachida-coussin-croix.webp?fit=1080%2C1080&ssl=1&resize=1050%2C600 3x"},"classes":[]},{"id":1727,"url":"https:\/\/enfantsdudesert.org\/boutique\/produit\/pochette-berbere-par-aicha\/","url_meta":{"origin":1719,"position":3},"title":"Pochette berb\u00e8re par A\u00efcha","author":"J\u00e9romine Lan\u00e7on","date":"22\/04\/2024","format":false,"excerpt":"Ces pochettes ont \u00e9t\u00e9 brod\u00e9es \u00e0 la main par A\u00efcha, maman de deux petites filles parrain\u00e9es.\u00a0Elle nous transmet \u00e0 travers ses broderies toute sa culture berb\u00e8re. \u2728\ud83e\udd17 \u25b6\ufe0f 2 tailles disponibles : S : Dimensions : 13cm x 12.5cm x 6 cm - 12 \u20ac L : Dimensions : 23cm\u2026","rel":"","context":"Article similaire","block_context":{"text":"Article similaire","link":""},"img":{"alt_text":"","src":"https:\/\/i0.wp.com\/enfantsdudesert.org\/boutique\/wp-content\/uploads\/2024\/04\/Pochette-brodee-Aicha-1-e1713776727458.webp?fit=600%2C582&ssl=1&resize=350%2C200","width":350,"height":200,"srcset":"https:\/\/i0.wp.com\/enfantsdudesert.org\/boutique\/wp-content\/uploads\/2024\/04\/Pochette-brodee-Aicha-1-e1713776727458.webp?fit=600%2C582&ssl=1&resize=350%2C200 1x, https:\/\/i0.wp.com\/enfantsdudesert.org\/boutique\/wp-content\/uploads\/2024\/04\/Pochette-brodee-Aicha-1-e1713776727458.webp?fit=600%2C582&ssl=1&resize=525%2C300 1.5x"},"classes":[]},{"id":2047,"url":"https:\/\/enfantsdudesert.org\/boutique\/produit\/pochette-mina-par-rachida-%e2%9d%a4%ef%b8%8f\/","url_meta":{"origin":1719,"position":4},"title":"Pochette &#8220;Mina&#8221; par Rachida \u2764\ufe0f","author":"Monica","date":"29\/11\/2024","format":false,"excerpt":"Cette pochette de grande taille en coton naturel est l'accessoire parfait pour organiser tous vos essentiels, que ce soit pour une trousse de toilette \u00e9l\u00e9gante ou un n\u00e9cessaire de voyage pratique. Son design soign\u00e9 et spacieux vous permet de tout ranger facilement, des produits de beaut\u00e9 aux accessoires. Le recto\u2026","rel":"","context":"Article similaire","block_context":{"text":"Article similaire","link":""},"img":{"alt_text":"","src":"https:\/\/i0.wp.com\/enfantsdudesert.org\/boutique\/wp-content\/uploads\/2024\/11\/WhatsApp-Image-2024-11-29-a-11.26.55_eb151e2b-scaled-e1732884450148.jpg?fit=1024%2C1200&ssl=1&resize=350%2C200","width":350,"height":200,"srcset":"https:\/\/i0.wp.com\/enfantsdudesert.org\/boutique\/wp-content\/uploads\/2024\/11\/WhatsApp-Image-2024-11-29-a-11.26.55_eb151e2b-scaled-e1732884450148.jpg?fit=1024%2C1200&ssl=1&resize=350%2C200 1x, https:\/\/i0.wp.com\/enfantsdudesert.org\/boutique\/wp-content\/uploads\/2024\/11\/WhatsApp-Image-2024-11-29-a-11.26.55_eb151e2b-scaled-e1732884450148.jpg?fit=1024%2C1200&ssl=1&resize=525%2C300 1.5x, https:\/\/i0.wp.com\/enfantsdudesert.org\/boutique\/wp-content\/uploads\/2024\/11\/WhatsApp-Image-2024-11-29-a-11.26.55_eb151e2b-scaled-e1732884450148.jpg?fit=1024%2C1200&ssl=1&resize=700%2C400 2x"},"classes":[]},{"id":1926,"url":"https:\/\/enfantsdudesert.org\/boutique\/produit\/veste-achnou-par-rachida-%f0%9f%a4%8d\/","url_meta":{"origin":1719,"position":5},"title":"Veste Achnou par Rachida \ud83e\udd0d","author":"Monica","date":"27\/11\/2024","format":false,"excerpt":"Veste blanche brod\u00e9e en fil Rachida \ud83e\udde1 D\u00e9couvrez cette magnifique veste blanche au style loose, mise en valeur par les broderies en fil r\u00e9alis\u00e9es \u00e0 la main par Rachida. Ses motifs orientaux, pr\u00e9sents recto-verso, apportent une touche raffin\u00e9e et authentique, inspir\u00e9e des traditions artisanales. Chaque d\u00e9tail, minutieusement brod\u00e9, refl\u00e8te l\u2019h\u00e9ritage\u2026","rel":"","context":"Article similaire","block_context":{"text":"Article similaire","link":""},"img":{"alt_text":"","src":"https:\/\/i0.wp.com\/enfantsdudesert.org\/boutique\/wp-content\/uploads\/2024\/11\/Achnou-2-scaled.jpg?fit=900%2C1200&ssl=1&resize=350%2C200","width":350,"height":200,"srcset":"https:\/\/i0.wp.com\/enfantsdudesert.org\/boutique\/wp-content\/uploads\/2024\/11\/Achnou-2-scaled.jpg?fit=900%2C1200&ssl=1&resize=350%2C200 1x, https:\/\/i0.wp.com\/enfantsdudesert.org\/boutique\/wp-content\/uploads\/2024\/11\/Achnou-2-scaled.jpg?fit=900%2C1200&ssl=1&resize=525%2C300 1.5x, https:\/\/i0.wp.com\/enfantsdudesert.org\/boutique\/wp-content\/uploads\/2024\/11\/Achnou-2-scaled.jpg?fit=900%2C1200&ssl=1&resize=700%2C400 2x"},"classes":[]}],"jetpack_sharing_enabled":true,"_links":{"self":[{"href":"https:\/\/enfantsdudesert.org\/boutique\/wp-json\/wp\/v2\/product\/1719","targetHints":{"allow":["GET"]}}],"collection":[{"href":"https:\/\/enfantsdudesert.org\/boutique\/wp-json\/wp\/v2\/product"}],"about":[{"href":"https:\/\/enfantsdudesert.org\/boutique\/wp-json\/wp\/v2\/types\/product"}],"wp:featuredmedia":[{"embeddable":true,"href":"https:\/\/enfantsdudesert.org\/boutique\/wp-json\/wp\/v2\/media\/1718"}],"wp:attachment":[{"href":"https:\/\/enfantsdudesert.org\/boutique\/wp-json\/wp\/v2\/media?parent=1719"}],"wp:term":[{"taxonomy":"product_brand","embeddable":true,"href":"https:\/\/enfantsdudesert.org\/boutique\/wp-json\/wp\/v2\/product_brand?post=1719"},{"taxonomy":"product_cat","embeddable":true,"href":"https:\/\/enfantsdudesert.org\/boutique\/wp-json\/wp\/v2\/product_cat?post=1719"},{"taxonomy":"product_tag","embeddable":true,"href":"https:\/\/enfantsdudesert.org\/boutique\/wp-json\/wp\/v2\/product_tag?post=1719"}],"curies":[{"name":"wp","href":"https:\/\/api.w.org\/{rel}","templated":true}]}}