{"id":2037,"date":"2024-11-29T13:12:40","date_gmt":"2024-11-29T12:12:40","guid":{"rendered":"https:\/\/enfantsdudesert.org\/boutique\/?post_type=product&#038;p=2037"},"modified":"2025-07-17T17:10:54","modified_gmt":"2025-07-17T15:10:54","slug":"pochette-louna-par-rkia-%f0%9f%8c%99","status":"publish","type":"product","link":"https:\/\/enfantsdudesert.org\/boutique\/produit\/pochette-louna-par-rkia-%f0%9f%8c%99\/","title":{"rendered":"Pochette &#8220;Louna&#8221; par Rkia \ud83c\udf19"},"content":{"rendered":"","protected":false},"excerpt":{"rendered":"<p>Cette pochette unique est con\u00e7ue \u00e0 partir d\u2019un sac de produits alimentaires (<em>farine, riz, semoule\u2026<\/em>) recycl\u00e9, transform\u00e9 en une pi\u00e8ce de mode originale et respectueuse de l\u2019environnement. Rkia a mis tout son savoir faire pour concevoir cette tr\u00e8s belle pochette !<\/p>\n<p>&nbsp;<\/p>\n<p>\u25b6\ufe0f Infos :<\/p>\n<p>Couleur : noir et blanc avec des touches color\u00e9es discr\u00e8tes (des inscriptions sur les sacs de farine)<br \/>\nMati\u00e8re : sac de farine tiss\u00e9 avec du fil de coton<br \/>\nDimensions : 28\u00a0 cm x 22 cm<\/p>\n<p>\ud83d\udc8c Ce prix comprend les frais de port (France m\u00e9tropolitaine).<\/p>\n<p>\ud83e\udde1 <strong>100% des ventes sont revers\u00e9s \u00e0 Rkia<\/strong><\/p>\n","protected":false},"featured_media":1993,"template":"","meta":{"ocean_post_layout":"","ocean_both_sidebars_style":"","ocean_both_sidebars_content_width":0,"ocean_both_sidebars_sidebars_width":0,"ocean_sidebar":"0","ocean_second_sidebar":"0","ocean_disable_margins":"enable","ocean_add_body_class":"","ocean_shortcode_before_top_bar":"","ocean_shortcode_after_top_bar":"","ocean_shortcode_before_header":"","ocean_shortcode_after_header":"","ocean_has_shortcode":"","ocean_shortcode_after_title":"","ocean_shortcode_before_footer_widgets":"","ocean_shortcode_after_footer_widgets":"","ocean_shortcode_before_footer_bottom":"","ocean_shortcode_after_footer_bottom":"","ocean_display_top_bar":"default","ocean_display_header":"default","ocean_header_style":"","ocean_center_header_left_menu":"0","ocean_custom_header_template":"0","ocean_custom_logo":0,"ocean_custom_retina_logo":0,"ocean_custom_logo_max_width":0,"ocean_custom_logo_tablet_max_width":0,"ocean_custom_logo_mobile_max_width":0,"ocean_custom_logo_max_height":0,"ocean_custom_logo_tablet_max_height":0,"ocean_custom_logo_mobile_max_height":0,"ocean_header_custom_menu":"0","ocean_menu_typo_font_family":"0","ocean_menu_typo_font_subset":"","ocean_menu_typo_font_size":0,"ocean_menu_typo_font_size_tablet":0,"ocean_menu_typo_font_size_mobile":0,"ocean_menu_typo_font_size_unit":"px","ocean_menu_typo_font_weight":"","ocean_menu_typo_font_weight_tablet":"","ocean_menu_typo_font_weight_mobile":"","ocean_menu_typo_transform":"","ocean_menu_typo_transform_tablet":"","ocean_menu_typo_transform_mobile":"","ocean_menu_typo_line_height":0,"ocean_menu_typo_line_height_tablet":0,"ocean_menu_typo_line_height_mobile":0,"ocean_menu_typo_line_height_unit":"","ocean_menu_typo_spacing":0,"ocean_menu_typo_spacing_tablet":0,"ocean_menu_typo_spacing_mobile":0,"ocean_menu_typo_spacing_unit":"","ocean_menu_link_color":"","ocean_menu_link_color_hover":"","ocean_menu_link_color_active":"","ocean_menu_link_background":"","ocean_menu_link_hover_background":"","ocean_menu_link_active_background":"","ocean_menu_social_links_bg":"","ocean_menu_social_hover_links_bg":"","ocean_menu_social_links_color":"","ocean_menu_social_hover_links_color":"","ocean_disable_title":"default","ocean_disable_heading":"default","ocean_post_title":"","ocean_post_subheading":"","ocean_post_title_style":"","ocean_post_title_background_color":"","ocean_post_title_background":0,"ocean_post_title_bg_image_position":"","ocean_post_title_bg_image_attachment":"","ocean_post_title_bg_image_repeat":"","ocean_post_title_bg_image_size":"","ocean_post_title_height":0,"ocean_post_title_bg_overlay":0.5,"ocean_post_title_bg_overlay_color":"","ocean_disable_breadcrumbs":"default","ocean_breadcrumbs_color":"","ocean_breadcrumbs_separator_color":"","ocean_breadcrumbs_links_color":"","ocean_breadcrumbs_links_hover_color":"","ocean_display_footer_widgets":"default","ocean_display_footer_bottom":"default","ocean_custom_footer_template":"0"},"product_brand":[],"product_cat":[64,97,95,100],"product_tag":[],"class_list":{"0":"post-2037","1":"product","2":"type-product","3":"status-publish","4":"has-post-thumbnail","6":"product_cat-femmes-du-desert","7":"product_cat-rkia-vannerie","8":"product_cat-pochettes","9":"product_cat-type-de-produit","11":"entry","12":"has-media","14":"first","15":"outofstock","16":"shipping-taxable","17":"purchasable","18":"product-type-simple","19":"has-product-nav","20":"col","21":"span_1_of_3","22":"owp-content-center","23":"owp-thumbs-layout-horizontal","24":"owp-btn-normal","25":"owp-tabs-layout-horizontal","27":"circle-sale"},"jetpack-related-posts":[{"id":2034,"url":"https:\/\/enfantsdudesert.org\/boutique\/produit\/pochette-tissa-par-rkia\/","url_meta":{"origin":2037,"position":0},"title":"Pochette &#8220;Tissa&#8221; par Rkia","author":"Monica","date":"29\/11\/2024","format":false,"excerpt":"Cette pochette unique est con\u00e7ue \u00e0 partir d\u2019un sac de produits alimentaires (farine, riz, semoule\u2026) recycl\u00e9, transform\u00e9 en une pi\u00e8ce de mode originale et respectueuse de l\u2019environnement. Rkia a mis tout son savoir faire pour concevoir cette pochette ! \u25b6\ufe0f Infos : Couleur : marron et orang\u00e9 Mati\u00e8re : sac\u2026","rel":"","context":"Article similaire","block_context":{"text":"Article similaire","link":""},"img":{"alt_text":"","src":"https:\/\/i0.wp.com\/enfantsdudesert.org\/boutique\/wp-content\/uploads\/2024\/11\/Pochette-farine-1-3-scaled-e1732880330805.jpg?fit=1200%2C1174&ssl=1&resize=350%2C200","width":350,"height":200,"srcset":"https:\/\/i0.wp.com\/enfantsdudesert.org\/boutique\/wp-content\/uploads\/2024\/11\/Pochette-farine-1-3-scaled-e1732880330805.jpg?fit=1200%2C1174&ssl=1&resize=350%2C200 1x, https:\/\/i0.wp.com\/enfantsdudesert.org\/boutique\/wp-content\/uploads\/2024\/11\/Pochette-farine-1-3-scaled-e1732880330805.jpg?fit=1200%2C1174&ssl=1&resize=525%2C300 1.5x, https:\/\/i0.wp.com\/enfantsdudesert.org\/boutique\/wp-content\/uploads\/2024\/11\/Pochette-farine-1-3-scaled-e1732880330805.jpg?fit=1200%2C1174&ssl=1&resize=700%2C400 2x, https:\/\/i0.wp.com\/enfantsdudesert.org\/boutique\/wp-content\/uploads\/2024\/11\/Pochette-farine-1-3-scaled-e1732880330805.jpg?fit=1200%2C1174&ssl=1&resize=1050%2C600 3x"},"classes":[]},{"id":1735,"url":"https:\/\/enfantsdudesert.org\/boutique\/produit\/pochette-recycle-par-rkia\/","url_meta":{"origin":2037,"position":1},"title":"Pochette recycl\u00e9 par Rkia","author":"J\u00e9romine Lan\u00e7on","date":"22\/04\/2024","format":false,"excerpt":"Cette pochette unique est con\u00e7ue \u00e0 partir d'un sac de produits alimentaires (farine, riz, semoule...) recycl\u00e9, transform\u00e9 en une pi\u00e8ce de mode originale et respectueuse de l'environnement. Rkia a mis tout son savoir faire pour sublimer cette pochette ! \u25b6\ufe0f Infos : Couleur : blanche et noire Dimensions : 29\u2026","rel":"","context":"Article similaire","block_context":{"text":"Article similaire","link":""},"img":{"alt_text":"","src":"https:\/\/i0.wp.com\/enfantsdudesert.org\/boutique\/wp-content\/uploads\/2024\/04\/fc373121-6edf-4c31-b807-72be87bc888e.jpeg?fit=600%2C544&ssl=1&resize=350%2C200","width":350,"height":200,"srcset":"https:\/\/i0.wp.com\/enfantsdudesert.org\/boutique\/wp-content\/uploads\/2024\/04\/fc373121-6edf-4c31-b807-72be87bc888e.jpeg?fit=600%2C544&ssl=1&resize=350%2C200 1x, https:\/\/i0.wp.com\/enfantsdudesert.org\/boutique\/wp-content\/uploads\/2024\/04\/fc373121-6edf-4c31-b807-72be87bc888e.jpeg?fit=600%2C544&ssl=1&resize=525%2C300 1.5x"},"classes":[]},{"id":2022,"url":"https:\/\/enfantsdudesert.org\/boutique\/produit\/2022\/","url_meta":{"origin":2037,"position":2},"title":"Pochette &#8220;Vibes&#8221; par Rkia \ud83c\udf19","author":"Monica","date":"29\/11\/2024","format":false,"excerpt":"Cette magnifique pochette en jute, fabriqu\u00e9e au Maroc, a \u00e9t\u00e9 brod\u00e9e \u00e0 la main par Rkia, artisane au savoir-faire exceptionnel depuis un petit village du d\u00e9sert. Les motifs en zigzag noirs sont r\u00e9alis\u00e9s avec une v\u00e9ritable pr\u00e9cision\u00a0 \u2728 Pi\u00e8ce chic qui m\u00eale mati\u00e8re naturelle et motif moderne. Disponible avec ou\u2026","rel":"","context":"Article similaire","block_context":{"text":"Article similaire","link":""},"img":{"alt_text":"","src":"https:\/\/i0.wp.com\/enfantsdudesert.org\/boutique\/wp-content\/uploads\/2024\/11\/Rkia-pochettes-3-scaled.jpg?fit=900%2C1200&ssl=1&resize=350%2C200","width":350,"height":200,"srcset":"https:\/\/i0.wp.com\/enfantsdudesert.org\/boutique\/wp-content\/uploads\/2024\/11\/Rkia-pochettes-3-scaled.jpg?fit=900%2C1200&ssl=1&resize=350%2C200 1x, https:\/\/i0.wp.com\/enfantsdudesert.org\/boutique\/wp-content\/uploads\/2024\/11\/Rkia-pochettes-3-scaled.jpg?fit=900%2C1200&ssl=1&resize=525%2C300 1.5x, https:\/\/i0.wp.com\/enfantsdudesert.org\/boutique\/wp-content\/uploads\/2024\/11\/Rkia-pochettes-3-scaled.jpg?fit=900%2C1200&ssl=1&resize=700%2C400 2x"},"classes":[]},{"id":2359,"url":"https:\/\/enfantsdudesert.org\/boutique\/produit\/tapis-mia-par-rkia-%f0%9f%a4%8d\/","url_meta":{"origin":2037,"position":3},"title":"Tapis Mia par Rkia \ud83e\udd0d","author":"Monica","date":"19\/10\/2025","format":false,"excerpt":"Le tapis Mia a \u00e9t\u00e9 tiss\u00e9 par Rkia, depuis son petit village du d\u00e9sert, \u00e0 Haroun. Le motif, imagin\u00e9 par l\u2019une de ses filles, donne naissance \u00e0 une pi\u00e8ce unique, empreinte de douceur et d\u2019histoire, qui trouvera naturellement sa place dans votre cocon. Ce tapis est pr\u00e9sent\u00e9 par Ma\u00eflys, fid\u00e8le\u2026","rel":"","context":"Article similaire","block_context":{"text":"Article similaire","link":""},"img":{"alt_text":"","src":"https:\/\/i0.wp.com\/enfantsdudesert.org\/boutique\/wp-content\/uploads\/2025\/10\/IMG-20251019-WA0099-scaled.jpg?fit=900%2C1200&ssl=1&resize=350%2C200","width":350,"height":200,"srcset":"https:\/\/i0.wp.com\/enfantsdudesert.org\/boutique\/wp-content\/uploads\/2025\/10\/IMG-20251019-WA0099-scaled.jpg?fit=900%2C1200&ssl=1&resize=350%2C200 1x, https:\/\/i0.wp.com\/enfantsdudesert.org\/boutique\/wp-content\/uploads\/2025\/10\/IMG-20251019-WA0099-scaled.jpg?fit=900%2C1200&ssl=1&resize=525%2C300 1.5x, https:\/\/i0.wp.com\/enfantsdudesert.org\/boutique\/wp-content\/uploads\/2025\/10\/IMG-20251019-WA0099-scaled.jpg?fit=900%2C1200&ssl=1&resize=700%2C400 2x"},"classes":[]},{"id":2153,"url":"https:\/\/enfantsdudesert.org\/boutique\/produit\/tapis-tulipa-par-rkia-%f0%9f%a4%8d\/","url_meta":{"origin":2037,"position":4},"title":"Tapis Tulipa par Rkia \ud83e\udd0d","author":"J\u00e9romine Lan\u00e7on","date":"17\/02\/2025","format":false,"excerpt":"Le Tapis Tulipa est r\u00e9alis\u00e9 par Rkia depuis son petit village du d\u00e9sert \u00e0 Haroun. \ud83c\udf34 C\u2019est Rkia qui tisse et colore la laine pour r\u00e9aliser ces tapis unique et plein de charme du d\u00e9sert. Les d\u00e9tails : \ud83d\udd36 dimensions : 100 cm sur 70cm, \ud83d\udd36 prix : 90\u20ac, frais\u2026","rel":"","context":"Article similaire","block_context":{"text":"Article similaire","link":""},"img":{"alt_text":"","src":"https:\/\/i0.wp.com\/enfantsdudesert.org\/boutique\/wp-content\/uploads\/2025\/02\/IMG_9291-scaled.jpeg?fit=900%2C1200&ssl=1&resize=350%2C200","width":350,"height":200,"srcset":"https:\/\/i0.wp.com\/enfantsdudesert.org\/boutique\/wp-content\/uploads\/2025\/02\/IMG_9291-scaled.jpeg?fit=900%2C1200&ssl=1&resize=350%2C200 1x, https:\/\/i0.wp.com\/enfantsdudesert.org\/boutique\/wp-content\/uploads\/2025\/02\/IMG_9291-scaled.jpeg?fit=900%2C1200&ssl=1&resize=525%2C300 1.5x, https:\/\/i0.wp.com\/enfantsdudesert.org\/boutique\/wp-content\/uploads\/2025\/02\/IMG_9291-scaled.jpeg?fit=900%2C1200&ssl=1&resize=700%2C400 2x"},"classes":[]},{"id":2524,"url":"https:\/\/enfantsdudesert.org\/boutique\/produit\/tapis-azetta-par-rkia\/","url_meta":{"origin":2037,"position":5},"title":"Tapis Azetta par Rkia","author":"Monica","date":"09\/04\/2026","format":false,"excerpt":"Comme une constellation berb\u00e8re, ce tapis po\u00e9tique, color\u00e9e et plein de couleurs a \u00e9t\u00e9 r\u00e9alis\u00e9 par Rkia depuis son petit village du d\u00e9sert. Il s'agit d'un mix de laine achet\u00e9 au souk et de laine de ses moutons. Les d\u00e9tails\u00a0 Dimensions : 170 cm x 85 cm \u00a0Prix :\u00a0120 \u20ac\u2026","rel":"","context":"Article similaire","block_context":{"text":"Article similaire","link":""},"img":{"alt_text":"","src":"https:\/\/i0.wp.com\/enfantsdudesert.org\/boutique\/wp-content\/uploads\/2026\/04\/WhatsApp-Image-2026-04-09-at-19.42.47-1.jpeg?fit=900%2C1200&ssl=1&resize=350%2C200","width":350,"height":200,"srcset":"https:\/\/i0.wp.com\/enfantsdudesert.org\/boutique\/wp-content\/uploads\/2026\/04\/WhatsApp-Image-2026-04-09-at-19.42.47-1.jpeg?fit=900%2C1200&ssl=1&resize=350%2C200 1x, https:\/\/i0.wp.com\/enfantsdudesert.org\/boutique\/wp-content\/uploads\/2026\/04\/WhatsApp-Image-2026-04-09-at-19.42.47-1.jpeg?fit=900%2C1200&ssl=1&resize=525%2C300 1.5x, https:\/\/i0.wp.com\/enfantsdudesert.org\/boutique\/wp-content\/uploads\/2026\/04\/WhatsApp-Image-2026-04-09-at-19.42.47-1.jpeg?fit=900%2C1200&ssl=1&resize=700%2C400 2x"},"classes":[]}],"jetpack_sharing_enabled":true,"_links":{"self":[{"href":"https:\/\/enfantsdudesert.org\/boutique\/wp-json\/wp\/v2\/product\/2037","targetHints":{"allow":["GET"]}}],"collection":[{"href":"https:\/\/enfantsdudesert.org\/boutique\/wp-json\/wp\/v2\/product"}],"about":[{"href":"https:\/\/enfantsdudesert.org\/boutique\/wp-json\/wp\/v2\/types\/product"}],"wp:featuredmedia":[{"embeddable":true,"href":"https:\/\/enfantsdudesert.org\/boutique\/wp-json\/wp\/v2\/media\/1993"}],"wp:attachment":[{"href":"https:\/\/enfantsdudesert.org\/boutique\/wp-json\/wp\/v2\/media?parent=2037"}],"wp:term":[{"taxonomy":"product_brand","embeddable":true,"href":"https:\/\/enfantsdudesert.org\/boutique\/wp-json\/wp\/v2\/product_brand?post=2037"},{"taxonomy":"product_cat","embeddable":true,"href":"https:\/\/enfantsdudesert.org\/boutique\/wp-json\/wp\/v2\/product_cat?post=2037"},{"taxonomy":"product_tag","embeddable":true,"href":"https:\/\/enfantsdudesert.org\/boutique\/wp-json\/wp\/v2\/product_tag?post=2037"}],"curies":[{"name":"wp","href":"https:\/\/api.w.org\/{rel}","templated":true}]}}