{"id":2244,"date":"2025-07-15T15:02:10","date_gmt":"2025-07-15T13:02:10","guid":{"rendered":"https:\/\/enfantsdudesert.org\/boutique\/?post_type=product&#038;p=2244"},"modified":"2025-07-24T12:12:48","modified_gmt":"2025-07-24T10:12:48","slug":"2244","status":"publish","type":"product","link":"https:\/\/enfantsdudesert.org\/boutique\/produit\/2244\/","title":{"rendered":"Sautoir Tazult \ud83d\udda4 Collection Tifawin par Nora"},"content":{"rendered":"","protected":false},"excerpt":{"rendered":"<p><em><strong>Tifawin<\/strong><\/em> : une collection n\u00e9e du d\u00e9sert, inspir\u00e9e par la beaut\u00e9 brute des mati\u00e8res et le lien avec les objets anciens. Chaque sautoir a \u00e9t\u00e9 con\u00e7u \u00e0 partir d\u2019\u00e9l\u00e9ments chin\u00e9s dans les souks de Rissani et mont\u00e9 \u00e0 la main par Nora. Une seule couleur, une seule ligne, une seule force.<\/p>\n<p>\u26ab Sautoir<strong> noir<\/strong> \u2013 <em>Tilila : mot f\u00e9minin, souvent utilis\u00e9 dans un contexte po\u00e9tique, militant ou culturel amazigh.<\/em><\/p>\n<p>\u00b7 Des perles noires brillantes m\u00eal\u00e9es \u00e0 l\u2019argent. Une pi\u00e8ce ancienne suspendue, us\u00e9e par le temps. Tilila est sobre, dense, discret. Un bijou qui ancre et apaise.<br \/>\n\u00b7 Tilila \u00e9voque la libert\u00e9, le renouveau<br \/>\n\u00b7 Sautoir\u00a0taille\u00a0:\u00a087\u00a0cm<\/p>\n<p>\ud83d\udc8c Frais de port (France m\u00e9tropolitaine) inclus dans le prix.<br \/>\n\ud83e\udde1 100 % des ventes revers\u00e9es \u00e0 Nora<\/p>\n","protected":false},"featured_media":2245,"template":"","meta":{"ocean_post_layout":"","ocean_both_sidebars_style":"","ocean_both_sidebars_content_width":0,"ocean_both_sidebars_sidebars_width":0,"ocean_sidebar":"0","ocean_second_sidebar":"0","ocean_disable_margins":"enable","ocean_add_body_class":"","ocean_shortcode_before_top_bar":"","ocean_shortcode_after_top_bar":"","ocean_shortcode_before_header":"","ocean_shortcode_after_header":"","ocean_has_shortcode":"","ocean_shortcode_after_title":"","ocean_shortcode_before_footer_widgets":"","ocean_shortcode_after_footer_widgets":"","ocean_shortcode_before_footer_bottom":"","ocean_shortcode_after_footer_bottom":"","ocean_display_top_bar":"default","ocean_display_header":"default","ocean_header_style":"","ocean_center_header_left_menu":"0","ocean_custom_header_template":"0","ocean_custom_logo":0,"ocean_custom_retina_logo":0,"ocean_custom_logo_max_width":0,"ocean_custom_logo_tablet_max_width":0,"ocean_custom_logo_mobile_max_width":0,"ocean_custom_logo_max_height":0,"ocean_custom_logo_tablet_max_height":0,"ocean_custom_logo_mobile_max_height":0,"ocean_header_custom_menu":"0","ocean_menu_typo_font_family":"0","ocean_menu_typo_font_subset":"","ocean_menu_typo_font_size":0,"ocean_menu_typo_font_size_tablet":0,"ocean_menu_typo_font_size_mobile":0,"ocean_menu_typo_font_size_unit":"px","ocean_menu_typo_font_weight":"","ocean_menu_typo_font_weight_tablet":"","ocean_menu_typo_font_weight_mobile":"","ocean_menu_typo_transform":"","ocean_menu_typo_transform_tablet":"","ocean_menu_typo_transform_mobile":"","ocean_menu_typo_line_height":0,"ocean_menu_typo_line_height_tablet":0,"ocean_menu_typo_line_height_mobile":0,"ocean_menu_typo_line_height_unit":"","ocean_menu_typo_spacing":0,"ocean_menu_typo_spacing_tablet":0,"ocean_menu_typo_spacing_mobile":0,"ocean_menu_typo_spacing_unit":"","ocean_menu_link_color":"","ocean_menu_link_color_hover":"","ocean_menu_link_color_active":"","ocean_menu_link_background":"","ocean_menu_link_hover_background":"","ocean_menu_link_active_background":"","ocean_menu_social_links_bg":"","ocean_menu_social_hover_links_bg":"","ocean_menu_social_links_color":"","ocean_menu_social_hover_links_color":"","ocean_disable_title":"default","ocean_disable_heading":"default","ocean_post_title":"","ocean_post_subheading":"","ocean_post_title_style":"","ocean_post_title_background_color":"","ocean_post_title_background":0,"ocean_post_title_bg_image_position":"","ocean_post_title_bg_image_attachment":"","ocean_post_title_bg_image_repeat":"","ocean_post_title_bg_image_size":"","ocean_post_title_height":0,"ocean_post_title_bg_overlay":0.5,"ocean_post_title_bg_overlay_color":"","ocean_disable_breadcrumbs":"default","ocean_breadcrumbs_color":"","ocean_breadcrumbs_separator_color":"","ocean_breadcrumbs_links_color":"","ocean_breadcrumbs_links_hover_color":"","ocean_display_footer_widgets":"default","ocean_display_footer_bottom":"default","ocean_custom_footer_template":"0"},"product_brand":[],"product_cat":[116,94,64],"product_tag":[],"class_list":{"0":"post-2244","1":"product","2":"type-product","3":"status-publish","4":"has-post-thumbnail","6":"product_cat-nora","7":"product_cat-bijoux","8":"product_cat-femmes-du-desert","10":"entry","11":"has-media","13":"first","14":"outofstock","15":"shipping-taxable","16":"purchasable","17":"product-type-simple","18":"has-product-nav","19":"col","20":"span_1_of_3","21":"owp-content-center","22":"owp-thumbs-layout-horizontal","23":"owp-btn-normal","24":"owp-tabs-layout-horizontal","26":"circle-sale"},"jetpack-related-posts":[{"id":2241,"url":"https:\/\/enfantsdudesert.org\/boutique\/produit\/sautoir-tazult-collection-tifawin-par-nora\/","url_meta":{"origin":2244,"position":0},"title":"Sautoir Tazult \u2764\ufe0f Collection Tifawin par Nora","author":"Monica","date":"15\/07\/2025","format":false,"excerpt":"Tifawin : une collection n\u00e9e du d\u00e9sert, inspir\u00e9e par la beaut\u00e9 brute des mati\u00e8res et le lien avec les objets anciens. Chaque sautoir a \u00e9t\u00e9 con\u00e7u \u00e0 partir d\u2019\u00e9l\u00e9ments chin\u00e9s dans les souks de Rissani et mont\u00e9 \u00e0 la main par Nora. Une seule couleur, une seule ligne, une seule\u2026","rel":"","context":"Article similaire","block_context":{"text":"Article similaire","link":""},"img":{"alt_text":"","src":"https:\/\/i0.wp.com\/enfantsdudesert.org\/boutique\/wp-content\/uploads\/2025\/07\/WhatsApp-Image-2025-07-08-a-15.04.00_e24c2112-scaled.jpg?fit=944%2C1200&ssl=1&resize=350%2C200","width":350,"height":200,"srcset":"https:\/\/i0.wp.com\/enfantsdudesert.org\/boutique\/wp-content\/uploads\/2025\/07\/WhatsApp-Image-2025-07-08-a-15.04.00_e24c2112-scaled.jpg?fit=944%2C1200&ssl=1&resize=350%2C200 1x, https:\/\/i0.wp.com\/enfantsdudesert.org\/boutique\/wp-content\/uploads\/2025\/07\/WhatsApp-Image-2025-07-08-a-15.04.00_e24c2112-scaled.jpg?fit=944%2C1200&ssl=1&resize=525%2C300 1.5x, https:\/\/i0.wp.com\/enfantsdudesert.org\/boutique\/wp-content\/uploads\/2025\/07\/WhatsApp-Image-2025-07-08-a-15.04.00_e24c2112-scaled.jpg?fit=944%2C1200&ssl=1&resize=700%2C400 2x"},"classes":[]},{"id":2246,"url":"https:\/\/enfantsdudesert.org\/boutique\/produit\/7-colliers-collection-anzar-%e2%98%80%ef%b8%8f-par-nora\/","url_meta":{"origin":2244,"position":1},"title":"7 colliers, collection Anzar \u2600\ufe0f par Nora","author":"Monica","date":"15\/07\/2025","format":false,"excerpt":"Anzar est une repr\u00e9sentation de la pluie chez les amazigh. Une collection comme une promesse de vie : color\u00e9e, pleine de mouvement et de relief. Chaque collier a \u00e9t\u00e9 mont\u00e9 \u00e0 la main par Nora, \u00e0 partir de perles anciennes et neuves, chin\u00e9es dans les souks du d\u00e9sert. Des pi\u00e8ces\u2026","rel":"","context":"Article similaire","block_context":{"text":"Article similaire","link":""},"img":{"alt_text":"","src":"https:\/\/i0.wp.com\/enfantsdudesert.org\/boutique\/wp-content\/uploads\/2025\/07\/collier-nora-5.jpg?fit=900%2C1200&ssl=1&resize=350%2C200","width":350,"height":200,"srcset":"https:\/\/i0.wp.com\/enfantsdudesert.org\/boutique\/wp-content\/uploads\/2025\/07\/collier-nora-5.jpg?fit=900%2C1200&ssl=1&resize=350%2C200 1x, https:\/\/i0.wp.com\/enfantsdudesert.org\/boutique\/wp-content\/uploads\/2025\/07\/collier-nora-5.jpg?fit=900%2C1200&ssl=1&resize=525%2C300 1.5x, https:\/\/i0.wp.com\/enfantsdudesert.org\/boutique\/wp-content\/uploads\/2025\/07\/collier-nora-5.jpg?fit=900%2C1200&ssl=1&resize=700%2C400 2x"},"classes":[]},{"id":1501,"url":"https:\/\/enfantsdudesert.org\/boutique\/produit\/pochette-noir-edd\/","url_meta":{"origin":2244,"position":2},"title":"Pochette Enfants du d\u00e9sert","author":"Monica","date":"21\/06\/2023","format":false,"excerpt":"Petite pochette de couleur noire (avec fermeture \u00e9clair) aux couleurs de l'association. \ud83c\udf34 Format tr\u00e8s pratique, se glisse facilement dans vos sacs \u00e0 main ou sacs \u00e0 dos. Design r\u00e9alis\u00e9 par Elsa Lan\u00e7on, b\u00e9n\u00e9vole de l'association. Parfait \u00e0 associer avec un miroir de poche du m\u00eame design, disponible ici. \u25b6\u2026","rel":"","context":"Article similaire","block_context":{"text":"Article similaire","link":""},"img":{"alt_text":"","src":"https:\/\/i0.wp.com\/enfantsdudesert.org\/boutique\/wp-content\/uploads\/2023\/06\/WhatsApp-Image-2023-05-31-at-11.34.41.webp?fit=600%2C475&ssl=1&resize=350%2C200","width":350,"height":200,"srcset":"https:\/\/i0.wp.com\/enfantsdudesert.org\/boutique\/wp-content\/uploads\/2023\/06\/WhatsApp-Image-2023-05-31-at-11.34.41.webp?fit=600%2C475&ssl=1&resize=350%2C200 1x, https:\/\/i0.wp.com\/enfantsdudesert.org\/boutique\/wp-content\/uploads\/2023\/06\/WhatsApp-Image-2023-05-31-at-11.34.41.webp?fit=600%2C475&ssl=1&resize=525%2C300 1.5x"},"classes":[]},{"id":2022,"url":"https:\/\/enfantsdudesert.org\/boutique\/produit\/2022\/","url_meta":{"origin":2244,"position":3},"title":"Pochette &#8220;Vibes&#8221; par Rkia \ud83c\udf19","author":"Monica","date":"29\/11\/2024","format":false,"excerpt":"Cette magnifique pochette en jute, fabriqu\u00e9e au Maroc, a \u00e9t\u00e9 brod\u00e9e \u00e0 la main par Rkia, artisane au savoir-faire exceptionnel depuis un petit village du d\u00e9sert. Les motifs en zigzag noirs sont r\u00e9alis\u00e9s avec une v\u00e9ritable pr\u00e9cision\u00a0 \u2728 Pi\u00e8ce chic qui m\u00eale mati\u00e8re naturelle et motif moderne. Disponible avec ou\u2026","rel":"","context":"Article similaire","block_context":{"text":"Article similaire","link":""},"img":{"alt_text":"","src":"https:\/\/i0.wp.com\/enfantsdudesert.org\/boutique\/wp-content\/uploads\/2024\/11\/Rkia-pochettes-3-scaled.jpg?fit=900%2C1200&ssl=1&resize=350%2C200","width":350,"height":200,"srcset":"https:\/\/i0.wp.com\/enfantsdudesert.org\/boutique\/wp-content\/uploads\/2024\/11\/Rkia-pochettes-3-scaled.jpg?fit=900%2C1200&ssl=1&resize=350%2C200 1x, https:\/\/i0.wp.com\/enfantsdudesert.org\/boutique\/wp-content\/uploads\/2024\/11\/Rkia-pochettes-3-scaled.jpg?fit=900%2C1200&ssl=1&resize=525%2C300 1.5x, https:\/\/i0.wp.com\/enfantsdudesert.org\/boutique\/wp-content\/uploads\/2024\/11\/Rkia-pochettes-3-scaled.jpg?fit=900%2C1200&ssl=1&resize=700%2C400 2x"},"classes":[]},{"id":2224,"url":"https:\/\/enfantsdudesert.org\/boutique\/produit\/panier-2-par-rkia\/","url_meta":{"origin":2244,"position":4},"title":"Panier 2 par Rkia","author":"Monica","date":"14\/05\/2025","format":false,"excerpt":"Dans l\u2019ombre rassurante des palmiers de son village, Rkia tresse patiemment chaque panier avec les feuilles s\u00e9ch\u00e9es de la palmeraie, qu\u2019elle vient ensuite rehausser de fils de laine color\u00e9s. Un geste r\u00e9p\u00e9t\u00e9, minutieux, long\u2026 mais toujours plein de sens. Ce panier, c\u2019est bien plus qu\u2019un objet du quotidien : c\u2019est\u2026","rel":"","context":"Article similaire","block_context":{"text":"Article similaire","link":""},"img":{"alt_text":"","src":"https:\/\/i0.wp.com\/enfantsdudesert.org\/boutique\/wp-content\/uploads\/2025\/05\/WhatsApp-Image-2025-05-14-a-17.43.47_5c5e1204-scaled.jpg?fit=900%2C1200&ssl=1&resize=350%2C200","width":350,"height":200,"srcset":"https:\/\/i0.wp.com\/enfantsdudesert.org\/boutique\/wp-content\/uploads\/2025\/05\/WhatsApp-Image-2025-05-14-a-17.43.47_5c5e1204-scaled.jpg?fit=900%2C1200&ssl=1&resize=350%2C200 1x, https:\/\/i0.wp.com\/enfantsdudesert.org\/boutique\/wp-content\/uploads\/2025\/05\/WhatsApp-Image-2025-05-14-a-17.43.47_5c5e1204-scaled.jpg?fit=900%2C1200&ssl=1&resize=525%2C300 1.5x, https:\/\/i0.wp.com\/enfantsdudesert.org\/boutique\/wp-content\/uploads\/2025\/05\/WhatsApp-Image-2025-05-14-a-17.43.47_5c5e1204-scaled.jpg?fit=900%2C1200&ssl=1&resize=700%2C400 2x"},"classes":[]},{"id":2232,"url":"https:\/\/enfantsdudesert.org\/boutique\/produit\/panier-5-par-rkia\/","url_meta":{"origin":2244,"position":5},"title":"Panier 5 par Rkia","author":"Monica","date":"14\/05\/2025","format":false,"excerpt":"Dans l\u2019ombre rassurante des palmiers de son village, Rkia tresse patiemment chaque panier avec les feuilles s\u00e9ch\u00e9es de la palmeraie, qu\u2019elle vient ensuite rehausser de fils de laine color\u00e9s. Un geste r\u00e9p\u00e9t\u00e9, minutieux, long\u2026 mais toujours plein de sens. Ce panier, c\u2019est bien plus qu\u2019un objet du quotidien : c\u2019est\u2026","rel":"","context":"Article similaire","block_context":{"text":"Article similaire","link":""},"img":{"alt_text":"","src":"https:\/\/i0.wp.com\/enfantsdudesert.org\/boutique\/wp-content\/uploads\/2025\/05\/WhatsApp-Image-2025-05-14-a-17.43.47_97b37bfc-scaled.jpg?fit=900%2C1200&ssl=1&resize=350%2C200","width":350,"height":200,"srcset":"https:\/\/i0.wp.com\/enfantsdudesert.org\/boutique\/wp-content\/uploads\/2025\/05\/WhatsApp-Image-2025-05-14-a-17.43.47_97b37bfc-scaled.jpg?fit=900%2C1200&ssl=1&resize=350%2C200 1x, https:\/\/i0.wp.com\/enfantsdudesert.org\/boutique\/wp-content\/uploads\/2025\/05\/WhatsApp-Image-2025-05-14-a-17.43.47_97b37bfc-scaled.jpg?fit=900%2C1200&ssl=1&resize=525%2C300 1.5x, https:\/\/i0.wp.com\/enfantsdudesert.org\/boutique\/wp-content\/uploads\/2025\/05\/WhatsApp-Image-2025-05-14-a-17.43.47_97b37bfc-scaled.jpg?fit=900%2C1200&ssl=1&resize=700%2C400 2x"},"classes":[]}],"jetpack_sharing_enabled":true,"_links":{"self":[{"href":"https:\/\/enfantsdudesert.org\/boutique\/wp-json\/wp\/v2\/product\/2244","targetHints":{"allow":["GET"]}}],"collection":[{"href":"https:\/\/enfantsdudesert.org\/boutique\/wp-json\/wp\/v2\/product"}],"about":[{"href":"https:\/\/enfantsdudesert.org\/boutique\/wp-json\/wp\/v2\/types\/product"}],"wp:featuredmedia":[{"embeddable":true,"href":"https:\/\/enfantsdudesert.org\/boutique\/wp-json\/wp\/v2\/media\/2245"}],"wp:attachment":[{"href":"https:\/\/enfantsdudesert.org\/boutique\/wp-json\/wp\/v2\/media?parent=2244"}],"wp:term":[{"taxonomy":"product_brand","embeddable":true,"href":"https:\/\/enfantsdudesert.org\/boutique\/wp-json\/wp\/v2\/product_brand?post=2244"},{"taxonomy":"product_cat","embeddable":true,"href":"https:\/\/enfantsdudesert.org\/boutique\/wp-json\/wp\/v2\/product_cat?post=2244"},{"taxonomy":"product_tag","embeddable":true,"href":"https:\/\/enfantsdudesert.org\/boutique\/wp-json\/wp\/v2\/product_tag?post=2244"}],"curies":[{"name":"wp","href":"https:\/\/api.w.org\/{rel}","templated":true}]}}