{"id":2492,"date":"2025-11-24T15:05:51","date_gmt":"2025-11-24T14:05:51","guid":{"rendered":"https:\/\/enfantsdudesert.org\/boutique\/?post_type=product&#038;p=2492"},"modified":"2025-12-24T19:47:37","modified_gmt":"2025-12-24T18:47:37","slug":"foulard-luna-%f0%9f%8c%99","status":"publish","type":"product","link":"https:\/\/enfantsdudesert.org\/boutique\/produit\/foulard-luna-%f0%9f%8c%99\/","title":{"rendered":"Foulard Luna\ud83c\udf19"},"content":{"rendered":"","protected":false},"excerpt":{"rendered":"<p data-start=\"117\" data-end=\"305\"><strong data-start=\"119\" data-end=\"161\">Foulard Luna, \u00e9dition sp\u00e9ciale 20 ans<\/strong> \u2728<br data-start=\"163\" data-end=\"166\" \/>Imagin\u00e9 pour transmettre la <strong data-start=\"191\" data-end=\"202\">chaleur<\/strong> et la <strong data-start=\"209\" data-end=\"238\">lumi\u00e8re intense du d\u00e9sert<\/strong>, Luna c\u00e9l\u00e8bre deux d\u00e9cennies d\u2019action avec \u00e9l\u00e9gance et g\u00e9n\u00e9rosit\u00e9.<\/p>\n<p data-start=\"307\" data-end=\"465\">Sa forme en <strong data-start=\"319\" data-end=\"332\">arabesque<\/strong> et ses courbes douces en font l\u2019accessoire parfait : \u00e0 nouer <strong data-start=\"396\" data-end=\"413\">autour du cou<\/strong>, dans les <strong data-start=\"424\" data-end=\"435\">cheveux <\/strong>ou en <strong data-start=\"443\" data-end=\"464\">d\u00e9tail sur un sac<\/strong>.<\/p>\n<p data-start=\"467\" data-end=\"619\">\ud83c\udf1c <strong data-start=\"470\" data-end=\"493\">Une cr\u00e9ation unique<\/strong><br data-start=\"493\" data-end=\"496\" \/>Pens\u00e9e par <em>Mathieu BOURNEUF<\/em> &amp;<em> Alexandre CREQUER<\/em>, qui ont con\u00e7u les quatre symboles au centre.<br \/>\nMise en forme dans un montage d\u00e9licat par <em data-start=\"612\" data-end=\"618\">Elsa LAN\u00c7ON.<\/em><\/p>\n<p data-start=\"621\" data-end=\"786\"><strong data-start=\"621\" data-end=\"643\">Caract\u00e9ristiques :<\/strong><br data-start=\"643\" data-end=\"646\" \/>\ud83d\udd38 <em data-start=\"649\" data-end=\"657\">Taille<\/em> : carr\u00e9 60 cm<br data-start=\"671\" data-end=\"674\" \/>\ud83d\udd38 <em data-start=\"677\" data-end=\"686\">Mati\u00e8re<\/em> : 100 % polyester<br data-start=\"704\" data-end=\"707\" \/>\ud83d\udd38 <em data-start=\"710\" data-end=\"719\">Origine<\/em> : fabrication en atelier familial fran\u00e7ais, impression en Italie<\/p>\n<p data-start=\"788\" data-end=\"839\">\ud83d\udce6 <strong data-start=\"791\" data-end=\"815\">Frais de port inclus<\/strong> (France m\u00e9tropolitaine)<br \/>\n\ud83e\udde1 100 % des b\u00e9n\u00e9fices reviendront \u00e0 nos actions<\/p>\n<p>&nbsp;<\/p>\n","protected":false},"featured_media":2496,"template":"","meta":{"ocean_post_layout":"","ocean_both_sidebars_style":"","ocean_both_sidebars_content_width":0,"ocean_both_sidebars_sidebars_width":0,"ocean_sidebar":"0","ocean_second_sidebar":"0","ocean_disable_margins":"enable","ocean_add_body_class":"","ocean_shortcode_before_top_bar":"","ocean_shortcode_after_top_bar":"","ocean_shortcode_before_header":"","ocean_shortcode_after_header":"","ocean_has_shortcode":"","ocean_shortcode_after_title":"","ocean_shortcode_before_footer_widgets":"","ocean_shortcode_after_footer_widgets":"","ocean_shortcode_before_footer_bottom":"","ocean_shortcode_after_footer_bottom":"","ocean_display_top_bar":"default","ocean_display_header":"default","ocean_header_style":"","ocean_center_header_left_menu":"0","ocean_custom_header_template":"0","ocean_custom_logo":0,"ocean_custom_retina_logo":0,"ocean_custom_logo_max_width":0,"ocean_custom_logo_tablet_max_width":0,"ocean_custom_logo_mobile_max_width":0,"ocean_custom_logo_max_height":0,"ocean_custom_logo_tablet_max_height":0,"ocean_custom_logo_mobile_max_height":0,"ocean_header_custom_menu":"0","ocean_menu_typo_font_family":"0","ocean_menu_typo_font_subset":"","ocean_menu_typo_font_size":0,"ocean_menu_typo_font_size_tablet":0,"ocean_menu_typo_font_size_mobile":0,"ocean_menu_typo_font_size_unit":"px","ocean_menu_typo_font_weight":"","ocean_menu_typo_font_weight_tablet":"","ocean_menu_typo_font_weight_mobile":"","ocean_menu_typo_transform":"","ocean_menu_typo_transform_tablet":"","ocean_menu_typo_transform_mobile":"","ocean_menu_typo_line_height":0,"ocean_menu_typo_line_height_tablet":0,"ocean_menu_typo_line_height_mobile":0,"ocean_menu_typo_line_height_unit":"","ocean_menu_typo_spacing":0,"ocean_menu_typo_spacing_tablet":0,"ocean_menu_typo_spacing_mobile":0,"ocean_menu_typo_spacing_unit":"","ocean_menu_link_color":"","ocean_menu_link_color_hover":"","ocean_menu_link_color_active":"","ocean_menu_link_background":"","ocean_menu_link_hover_background":"","ocean_menu_link_active_background":"","ocean_menu_social_links_bg":"","ocean_menu_social_hover_links_bg":"","ocean_menu_social_links_color":"","ocean_menu_social_hover_links_color":"","ocean_disable_title":"default","ocean_disable_heading":"default","ocean_post_title":"","ocean_post_subheading":"","ocean_post_title_style":"","ocean_post_title_background_color":"","ocean_post_title_background":0,"ocean_post_title_bg_image_position":"","ocean_post_title_bg_image_attachment":"","ocean_post_title_bg_image_repeat":"","ocean_post_title_bg_image_size":"","ocean_post_title_height":0,"ocean_post_title_bg_overlay":0.5,"ocean_post_title_bg_overlay_color":"","ocean_disable_breadcrumbs":"default","ocean_breadcrumbs_color":"","ocean_breadcrumbs_separator_color":"","ocean_breadcrumbs_links_color":"","ocean_breadcrumbs_links_hover_color":"","ocean_display_footer_widgets":"default","ocean_display_footer_bottom":"default","ocean_custom_footer_template":"0"},"product_brand":[],"product_cat":[65,66],"product_tag":[],"class_list":{"0":"post-2492","1":"product","2":"type-product","3":"status-publish","4":"has-post-thumbnail","6":"product_cat-benevoles-au-grand-coeur","7":"product_cat-produits-enfants-du-desert","9":"entry","10":"has-media","12":"first","13":"instock","14":"shipping-taxable","15":"purchasable","16":"product-type-simple","17":"has-product-nav","18":"col","19":"span_1_of_3","20":"owp-content-center","21":"owp-thumbs-layout-horizontal","22":"owp-btn-normal","23":"owp-tabs-layout-horizontal","25":"circle-sale"},"jetpack-related-posts":[{"id":1862,"url":"https:\/\/enfantsdudesert.org\/boutique\/produit\/veste-blanche-berbere\/","url_meta":{"origin":2492,"position":0},"title":"Veste Amazigh par A\u00efcha \ud83e\udef6","author":"Monica","date":"26\/11\/2024","format":false,"excerpt":"Veste jean blanche loose brod\u00e9e par A\u00efcha \ud83e\udde1 D\u00e9couvrez cette magnifique veste blanche courte et au style loose, mise en valeur par les broderies artisanales r\u00e9alis\u00e9es \u00e0 la main par A\u00efcha. Ses motifs color\u00e9s rappellent l\u2019h\u00e9ritage berb\u00e8re, cette cr\u00e9ation unique raconte une histoire et apportera une touche boh\u00e8me \u00e0 votre\u2026","rel":"","context":"Article similaire","block_context":{"text":"Article similaire","link":""},"img":{"alt_text":"","src":"https:\/\/i0.wp.com\/enfantsdudesert.org\/boutique\/wp-content\/uploads\/2024\/11\/WhatsApp-Image-2024-11-26-a-09.57.00_22e0bbbc-scaled.jpg?fit=900%2C1200&ssl=1&resize=350%2C200","width":350,"height":200,"srcset":"https:\/\/i0.wp.com\/enfantsdudesert.org\/boutique\/wp-content\/uploads\/2024\/11\/WhatsApp-Image-2024-11-26-a-09.57.00_22e0bbbc-scaled.jpg?fit=900%2C1200&ssl=1&resize=350%2C200 1x, https:\/\/i0.wp.com\/enfantsdudesert.org\/boutique\/wp-content\/uploads\/2024\/11\/WhatsApp-Image-2024-11-26-a-09.57.00_22e0bbbc-scaled.jpg?fit=900%2C1200&ssl=1&resize=525%2C300 1.5x, https:\/\/i0.wp.com\/enfantsdudesert.org\/boutique\/wp-content\/uploads\/2024\/11\/WhatsApp-Image-2024-11-26-a-09.57.00_22e0bbbc-scaled.jpg?fit=900%2C1200&ssl=1&resize=700%2C400 2x"},"classes":[]},{"id":1926,"url":"https:\/\/enfantsdudesert.org\/boutique\/produit\/veste-achnou-par-rachida-%f0%9f%a4%8d\/","url_meta":{"origin":2492,"position":1},"title":"Veste Achnou par Rachida \ud83e\udd0d","author":"Monica","date":"27\/11\/2024","format":false,"excerpt":"Veste blanche brod\u00e9e en fil Rachida \ud83e\udde1 D\u00e9couvrez cette magnifique veste blanche au style loose, mise en valeur par les broderies en fil r\u00e9alis\u00e9es \u00e0 la main par Rachida. Ses motifs orientaux, pr\u00e9sents recto-verso, apportent une touche raffin\u00e9e et authentique, inspir\u00e9e des traditions artisanales. Chaque d\u00e9tail, minutieusement brod\u00e9, refl\u00e8te l\u2019h\u00e9ritage\u2026","rel":"","context":"Article similaire","block_context":{"text":"Article similaire","link":""},"img":{"alt_text":"","src":"https:\/\/i0.wp.com\/enfantsdudesert.org\/boutique\/wp-content\/uploads\/2024\/11\/Achnou-2-scaled.jpg?fit=900%2C1200&ssl=1&resize=350%2C200","width":350,"height":200,"srcset":"https:\/\/i0.wp.com\/enfantsdudesert.org\/boutique\/wp-content\/uploads\/2024\/11\/Achnou-2-scaled.jpg?fit=900%2C1200&ssl=1&resize=350%2C200 1x, https:\/\/i0.wp.com\/enfantsdudesert.org\/boutique\/wp-content\/uploads\/2024\/11\/Achnou-2-scaled.jpg?fit=900%2C1200&ssl=1&resize=525%2C300 1.5x, https:\/\/i0.wp.com\/enfantsdudesert.org\/boutique\/wp-content\/uploads\/2024\/11\/Achnou-2-scaled.jpg?fit=900%2C1200&ssl=1&resize=700%2C400 2x"},"classes":[]},{"id":2207,"url":"https:\/\/enfantsdudesert.org\/boutique\/produit\/bracelet-hanane\/","url_meta":{"origin":2492,"position":2},"title":"Bracelet Hanane","author":"Monica","date":"13\/05\/2025","format":false,"excerpt":"Ces bracelets fins et \u00e9l\u00e9gants sont r\u00e9alis\u00e9s \u00e0 la main par Hanane, maman de 5 enfants, qui y met toute son \u00e9nergie et sa d\u00e9termination pour construire un avenir plus serein \u2728 Ils sont faits de pierres naturelles aux vertus \u00e9nergisantes et apaisantes au choix : \u00b7 perles galets en\u2026","rel":"","context":"Article similaire","block_context":{"text":"Article similaire","link":""},"img":{"alt_text":"","src":"https:\/\/i0.wp.com\/enfantsdudesert.org\/boutique\/wp-content\/uploads\/2025\/05\/IMG_8733.jpeg?fit=900%2C1200&ssl=1&resize=350%2C200","width":350,"height":200,"srcset":"https:\/\/i0.wp.com\/enfantsdudesert.org\/boutique\/wp-content\/uploads\/2025\/05\/IMG_8733.jpeg?fit=900%2C1200&ssl=1&resize=350%2C200 1x, https:\/\/i0.wp.com\/enfantsdudesert.org\/boutique\/wp-content\/uploads\/2025\/05\/IMG_8733.jpeg?fit=900%2C1200&ssl=1&resize=525%2C300 1.5x, https:\/\/i0.wp.com\/enfantsdudesert.org\/boutique\/wp-content\/uploads\/2025\/05\/IMG_8733.jpeg?fit=900%2C1200&ssl=1&resize=700%2C400 2x"},"classes":[]},{"id":1148,"url":"https:\/\/enfantsdudesert.org\/boutique\/produit\/bague-enfant-du-desert-rhita-creations\/","url_meta":{"origin":2492,"position":3},"title":"Bague Enfant du d\u00e9sert &#8211; Rhita cr\u00e9ations","author":"Monica","date":"07\/12\/2022","format":false,"excerpt":"N\u00e9e au\u00a0Maroc\u00a0et dipl\u00f4m\u00e9e d\u2019architecture\u00a0\u00e0 Paris,\u00a0Rhita\u00a0s\u2019inspire de sa formation et de son pays natal dans toutes\u00a0ses cr\u00e9ations. Elle int\u00e8gre des \u00e9l\u00e9ments allant des\u00a0lignes architecturales \u00e9pur\u00e9es\u00a0aux\u00a0formes g\u00e9om\u00e9triques touaregs, et les m\u00e9lange harmonieusement avec des\u00a0pierres pr\u00e9cieuses\u00a0dans des conceptions\u00a0minimalistes et contemporaines. \ud83d\udc9f Cette bague a \u00e9t\u00e9 con\u00e7ue dans ses ateliers \u00e0 Rabat au Maroc,\u2026","rel":"","context":"Article similaire","block_context":{"text":"Article similaire","link":""},"img":{"alt_text":"","src":"https:\/\/i0.wp.com\/enfantsdudesert.org\/boutique\/wp-content\/uploads\/2022\/12\/946465_80fca4bb23f14b36ba59bb16957ca24e_mv2.webp?fit=1000%2C666&ssl=1&resize=350%2C200","width":350,"height":200,"srcset":"https:\/\/i0.wp.com\/enfantsdudesert.org\/boutique\/wp-content\/uploads\/2022\/12\/946465_80fca4bb23f14b36ba59bb16957ca24e_mv2.webp?fit=1000%2C666&ssl=1&resize=350%2C200 1x, https:\/\/i0.wp.com\/enfantsdudesert.org\/boutique\/wp-content\/uploads\/2022\/12\/946465_80fca4bb23f14b36ba59bb16957ca24e_mv2.webp?fit=1000%2C666&ssl=1&resize=525%2C300 1.5x, https:\/\/i0.wp.com\/enfantsdudesert.org\/boutique\/wp-content\/uploads\/2022\/12\/946465_80fca4bb23f14b36ba59bb16957ca24e_mv2.webp?fit=1000%2C666&ssl=1&resize=700%2C400 2x"},"classes":[]},{"id":1937,"url":"https:\/\/enfantsdudesert.org\/boutique\/produit\/tee-shirt-enfant-sous-les-etoiles-du-desert\/","url_meta":{"origin":2492,"position":4},"title":"Tee-shirt enfant &#8220;Sous les \u00e9toiles du d\u00e9sert&#8221; \u2728","author":"Monica","date":"28\/11\/2024","format":false,"excerpt":"Enfin, nous proposons notre tout premier tee-shirt pour enfants ! Ce magnifique mod\u00e8le bleu marine invite \u00e0 l\u2019\u00e9vasion avec sa s\u00e9rigraphie d\u00e9licate : une caravane de trois dromadaires, cheminant sous les \u00e9toiles et la lune. Regardez de plus pr\u00e8s : sur la couverture d\u2019un des dromadaires, on aper\u00e7oit m\u00eame les\u2026","rel":"","context":"Article similaire","block_context":{"text":"Article similaire","link":""},"img":{"alt_text":"","src":"https:\/\/i0.wp.com\/enfantsdudesert.org\/boutique\/wp-content\/uploads\/2024\/11\/teesh3--scaled.jpg?fit=900%2C1200&ssl=1&resize=350%2C200","width":350,"height":200,"srcset":"https:\/\/i0.wp.com\/enfantsdudesert.org\/boutique\/wp-content\/uploads\/2024\/11\/teesh3--scaled.jpg?fit=900%2C1200&ssl=1&resize=350%2C200 1x, https:\/\/i0.wp.com\/enfantsdudesert.org\/boutique\/wp-content\/uploads\/2024\/11\/teesh3--scaled.jpg?fit=900%2C1200&ssl=1&resize=525%2C300 1.5x, https:\/\/i0.wp.com\/enfantsdudesert.org\/boutique\/wp-content\/uploads\/2024\/11\/teesh3--scaled.jpg?fit=900%2C1200&ssl=1&resize=700%2C400 2x"},"classes":[]}],"jetpack_sharing_enabled":true,"_links":{"self":[{"href":"https:\/\/enfantsdudesert.org\/boutique\/wp-json\/wp\/v2\/product\/2492","targetHints":{"allow":["GET"]}}],"collection":[{"href":"https:\/\/enfantsdudesert.org\/boutique\/wp-json\/wp\/v2\/product"}],"about":[{"href":"https:\/\/enfantsdudesert.org\/boutique\/wp-json\/wp\/v2\/types\/product"}],"wp:featuredmedia":[{"embeddable":true,"href":"https:\/\/enfantsdudesert.org\/boutique\/wp-json\/wp\/v2\/media\/2496"}],"wp:attachment":[{"href":"https:\/\/enfantsdudesert.org\/boutique\/wp-json\/wp\/v2\/media?parent=2492"}],"wp:term":[{"taxonomy":"product_brand","embeddable":true,"href":"https:\/\/enfantsdudesert.org\/boutique\/wp-json\/wp\/v2\/product_brand?post=2492"},{"taxonomy":"product_cat","embeddable":true,"href":"https:\/\/enfantsdudesert.org\/boutique\/wp-json\/wp\/v2\/product_cat?post=2492"},{"taxonomy":"product_tag","embeddable":true,"href":"https:\/\/enfantsdudesert.org\/boutique\/wp-json\/wp\/v2\/product_tag?post=2492"}],"curies":[{"name":"wp","href":"https:\/\/api.w.org\/{rel}","templated":true}]}}